ivided by 567?
503
Calculate the remainder when 982796 is divided by 420.
416
What is the remainder when 1246 is divided by 876?
370
Calculate the remainder when 34245 is divided by 250.
245
What is the remainder when 72785 is divided by 72762?
23
Calculate the remainder when 2205 is divided by 956.
293
Calculate the remainder when 2539 is divided by 126.
19
What is the remainder when 43148 is divided by 224?
140
Calculate the remainder when 9009 is divided by 430.
409
Calculate the remainder when 562053 is divided by 227.
1
Calculate the remainder when 2226 is divided by 548.
34
What is the remainder when 1253 is divided by 801?
452
What is the remainder when 18873 is divided by 2037?
540
Calculate the remainder when 8325 is divided by 36.
9
What is the remainder when 183181 is divided by 43?
1
What is the remainder when 6258 is divided by 573?
528
What is the remainder when 9073 is divided by 4529?
15
What is the remainder when 10911 is divided by 128?
31
What is the remainder when 54505 is divided by 30?
25
Calculate the remainder when 237119 is divided by 14818.
31
What is the remainder when 252152 is divided by 8?
0
What is the remainder when 444232 is divided by 14?
12
Calculate the remainder when 132417 is divided by 291.
12
What is the remainder when 5840 is divided by 122?
106
What is the remainder when 3232 is divided by 264?
64
What is the remainder when 656 is divided by 99?
62
What is the remainder when 480996 is divided by 22?
10
Calculate the remainder when 298933 is divided by 59786.
3
Calculate the remainder when 6427 is divided by 67.
62
What is the remainder when 11670 is divided by 435?
360
Calculate the remainder when 136395 is divided by 151.
42
What is the remainder when 55623 is divided by 49?
8
What is the remainder when 3262 is divided by 51?
49
Calculate the remainder when 5771 is divided by 73.
4
What is the remainder when 65822 is divided by 170?
32
What is the remainder when 2093 is divided by 519?
17
What is the remainder when 35726 is divided by 58?
56
What is the remainder when 97856 is divided by 969?
956
What is the remainder when 1580905 is divided by 3?
1
What is the remainder when 13507 is divided by 124?
115
What is the remainder when 57793 is divided by 28869?
55
Calculate the remainder when 93785 is divided by 294.
293
Calculate the remainder when 2253 is divided by 41.
39
What is the remainder when 5292 is divided by 1048?
52
What is the remainder when 15255 is divided by 61?
5
What is the remainder when 1092832 is divided by 18?
16
Calculate the remainder when 476179 is divided by 602.
599
Calculate the remainder when 129703 is divided by 859.
853
What is the remainder when 8004 is divided by 195?
9
Calculate the remainder when 54075 is divided by 27021.
33
Calculate the remainder when 9472 is divided by 56.
8
What is the remainder when 5426 is divided by 386?
22
Calculate the remainder when 2707 is divided by 897.
16
What is the remainder when 13725 is divided by 95?
45
Calculate the remainder when 1380 is divided by 91.
15
What is the remainder when 45740 is divided by 1306?
30
What is the remainder when 729 is divided by 243?
0
What is the remainder when 69886 is divided by 91?
89
Calculate the remainder when 35214 is divided by 142.
140
Calculate the remainder when 1357878 is divided by 1660.
1658
Calculate the remainder when 6373 is divided by 21.
10
What is the remainder when 466098 is divided by 411?
24
What is the remainder when 2823 is divided by 1314?
195
Calculate the remainder when 3049 is divided by 180.
169
Calculate the remainder when 318272 is divided by 190.
22
What is the remainder when 9016 is divided by 70?
56
Calculate the remainder when 86320 is divided by 14372.
88
Calculate the remainder when 267711 is divided by 552.
543
What is the remainder when 12659083 is divided by 1863?
1861
Calculate the remainder when 6701383 is divided by 206.
203
What is the remainder when 1247 is divided by 14?
1
What is the remainder when 132183 is divided by 14?
9
Calculate the remainder when 6682613 is divided by 1461.
1460
Calculate the remainder when 1888 is divided by 96.
64
Calculate the remainder when 26819 is divided by 3645.
1304
Calculate the remainder when 6494 is divided by 789.
182
What is the remainder when 1982 is divided by 220?
2
Calculate the remainder when 6314 is divided by 3157.
0
What is the remainder when 21386 is divided by 451?
189
What is the remainder when 49969 is divided by 862?
835
Calculate the remainder when 5957 is divided by 2971.
15
What is the remainder when 566162 is divided by 169?
12
Calculate the remainder when 1193 is divided by 223.
78
Calculate the remainder when 1069273 is divided by 43.
35
Calculate the remainder when 163938 is divided by 36.
30
What is the remainder when 643693 is divided by 33?
28
Calculate the remainder when 11870 is divided by 112.
110
Calculate the remainder when 842337 is divided by 9.
0
What is the remainder when 1042 is divided by 234?
106
Calculate the remainder when 5564 is divided by 828.
596
Calculate the remainder when 3194 is divided by 430.
184
What is the remainder when 5227 is divided by 1301?
23
What is the remainder when 6507 is divided by 283?
281
What is the remainder when 146236 is divided by 457?
453
What is the remainder when 5469 is divided by 30?
9
Calculate the remainder when 14356 is divided by 513.
505
Calculate the remainder when 2734 is divided by 354.
256
Calculate the remainder when 2468 is divided by 813.
29
What is the remainder when 76572 is divided by 19089?
216
What is the remainder when 2545369 is divided by 1272681?
7
What is the remainder when 646 is divided by 546?
100
What is the remainder when 511 is divided by 152?
55
Calculate the remainder when 8413 is divided by 228.
205
Calculate the remainder when 4762 is divided by 476.
2
What is the remainder when 237027 is divided by 212?
11
Calculate the remainder when 2149 is divided by 319.
235
What is the remainder when 345 is divided by 13?
7
What is the remainder when 15111 is divided by 894?
807
What is the remainder when 22828 is divided by 16?
12
What is the remainder when 127212 is divided by 495?
492
Calculate the remainder when 1492 is divided by 505.
482
Calculate the remainder when 9381 is divided by 304.
261
Calculate the remainder when 794 is divided by 21.
17
What is the remainder when 90237 is divided by 160?
157
What is the remainder when 72912 is divided by 323?
237
Calculate the remainder when 39490 is divided by 7896.
10
What is the remainder when 25937 is divided by 6469?
61
What is the remainder when 709461 is divided by 233?
209
Calculate the remainder when 1860 is divided by 855.
150
What is the remainder when 2224 is divided by 2218?
6
Calculate the remainder when 164831 is divided by 164.
11
What is the remainder when 2647 is divided by 52?
47
What is the remainder when 61026 is divided by 20279?
189
What is the remainder when 6734 is divided by 943?
133
Calculate the remainder when 7150 is divided by 288.
238
Calculate the remainder when 12781 is divided by 401.
350
What is the remainder when 5365 is divided by 10?
5
Calculate the remainder when 22597 is divided by 3765.
7
Calculate the remainder when 122660 is divided by 13.
5
Calculate the remainder when 5479024 is divided by 14.
12
What is the remainder when 157694 is divided by 154?
152
What is the remainder when 148083 is divided by 21?
12
Calculate the remainder when 13526 is divided by 13509.
17
Calculate the remainder when 39533 is divided by 81.
5
Calculate the remainder when 1242335 is divided by 96.
95
What is the remainder when 1917264 is divided by 5?
4
What is the remainder when 70903 is divided by 78?
1
What is the remainder when 10660591 is divided by 23?
22
Calculate the remainder when 8973 is divided by 106.
69
Calculate the remainder when 462935 is divided by 729.
20
Calculate the remainder when 3136 is divided by 128.
64
Calculate the remainder when 2528 is divided by 2495.
33
Calculate the remainder when 453092 is divided by 651.
647
What is the remainder when 116944 is divided by 16697?
65
What is the remainder when 221 is divided by 193?
28
Calculate the remainder when 7701 is divided by 41.
34
Calculate the remainder when 1158 is divided by 201.